) = 4*s**2 + 5. Let x(c) = -c**2 - c - 1. Let t(y) = h*x(y) - v(y). Calculate t(3).
-2
Let f(t) = -2*t**2 - 2*t**2 - 9*t + 2 - 4*t + 12*t. Let s = 19 - 17. Calculate f(s).
-16
Let q = -11 - -9. Let z be (q/3)/(8/(-12)). Let x(o) = -o + z + 2 + 5 - 4. Give x(6).
-2
Suppose 4*a - 5*n - 93 = 0, 0*a - a = -3*n - 18. Let u = -38 + a. Let l(b) = -b - 11. Determine l(u).
0
Let q(g) = -g**3 - 3*g**2 + 11*g + 6. Let h be q(-5). Let k(l) = 3*l - 6*l - h + 3 + 2*l. Determine k(-3).
5
Let k(j) = -4*j + 39. Let i be k(9). Suppose -25 = 8*o - i*o. Let u(l) = l**3 + 4*l**2 - 5*l + 7. Determine u(o).
7
Let n be (-6)/4*(4 - 220/15). Let b be 4*(5 + (-76)/n). Let g(j) = j**3 + j**2 - 2*j + 1. Determine g(b).
1
Let s(l) = l + 9. Let o be s(-5). Let d(z) = -2*z**2 + 4*z - 7. Let v(b) = b**2 - 2*b + 3. Let m(f) = 2*d(f) + 5*v(f). What is m(o)?
9
Let z(w) = w - 13. Suppose 0 = 13*p - 5*p - 80. Give z(p).
-3
Let q(u) = -6*u - 1. Let y be (4*(-3)/18)/((-4)/(-6)). What is q(y)?
5
Let j(i) = 4*i**2 - 3*i + 3. Let l = -103 + 104. Let m be j(l). Let b(a) = -a**2 + 4*a + 3. Give b(m).
3
Suppose -l + 4*t = -3, 12 = 4*l + 7*t - 3*t. Let h(c) = -22 - l*c + 26 - 3*c + 5*c. Let g(b) = 2*b - 24. Let m be g(12). Determine h(m).
4
Let x = -288 + 282. Suppose 0*g = -3*g + 39. Let r = g + x. Let v(d) = -d**3 + 6*d**2 + 5*d + 9. Determine v(r).
-5
Let l(s) = s**2 + 8*s + 5. Let j(b) = -b**2 - b - 1. Let o be j(-3). Calculate l(o).
-2
Let y(o) = -3*o**2 + 26*o - 15. Let j(u) = -u**2 + 9*u - 6. Let w(p) = 11*j(p) - 4*y(p). Calculate w(7).
8
Let d(y) = 13*y**2 + 2. Let b(n) = -1 - 70*n - 5*n**2 - n**2 + 70*n. Let k(l) = -5*b(l) - 2*d(l). What is k(-1)?
5
Let f be 9/(-3) + 12 + -3. Let r(a) = -f + 1 + 5 - 2*a - 1. Give r(-1).
1
Suppose -p = p + 4*p. Suppose 5*a + 0*a = b - 24, p = -5*a - 2*b - 27. Let s(k) = k**2 + 6*k + 4. Calculate s(a).
-1
Suppose -64 = -4*s + 5*q, -5*s + 7 + 40 = 2*q. Suppose 0 = -4*j + s + 1. Let o(t) = t**3 - t**2 - 4*t + 4. What is o(j)?
10
Let d(a) = -a + 5. Suppose -2*w = 4 - 0. Let b = w - 7. Let t be (-1)/(-3)*(-162)/b. Give d(t).
-1
Let j(f) = f - 10. Let q be (-1)/(-3) - (-204)/36. Let z be j(q). Let w(b) be the second derivative of b**3/2 - 5*b**2/2 + 2*b. Calculate w(z).
-17
Let b(d) = -d**3 - 7*d**2 - 5*d + 4. Let v(m) be the second derivative of -m**4/6 + 6*m**2 - 17*m. Let a be v(-3). Calculate b(a).
-2
Suppose 4*p - 10 = 3*p. Let z(q) = 0*q - 10*q + q**3 - 2*q**3 + 10 + p*q**2. Give z(9).
1
Let o(j) = -j**2 + 7*j + 4. Let t(z) = z**2 - 7*z - 3. Let m(p) = -6*o(p) - 7*t(p). Let i be 24/10*(-125)/10. Let n = i - -36. Give m(n).
3
Suppose -5*o = -0 - 5. Let n(t) = o - 3 + 4*t + 5. Suppose -10*f - 2*r = -6*f + 2, -5*r = 4*f - 7. Calculate n(f).
-5
Suppose -19*w + 3 = -18*w. Let i(r) = 3 + 7*r**2 + r**w + 13*r**2 - 14*r**2 + 2*r. Give i(-6).
-9
Let k(c) = c + 7. Let b be k(-5). Let d(y) be the second derivative of -y**2 - 5 + 2*y + 1/6*y**3. Give d(b).
0
Let h(o) = 7*o - 24 - 4*o + 24. Suppose -y + 0*y - 16 = -5*j, 0 = -2*y - 5*j + 28. Suppose 5 = 5*l + 2*w, 25 + 1 = 2*l - y*w. What is h(l)?
9
Let i(u) = u**3 - 4*u**2 + 2*u - 4. Let x(h) = -h + 5. Let r be x(4). Let j(p) = 3*p**2 + p - 1. Let g be j(r). What is i(g)?
-7
Let y be 21 - 12 - (6 + 6). Let n = -1 + -3. Let v(x) = 3*x**2 - 8*x - 4. Let r(q) = 4*q**2 - 9*q - 4. Let t(k) = n*r(k) + 5*v(k). Give t(y).
-1
Let b(m) = -m - 6. Let o be b(-16). Suppose 4*f + 0 = -5*p + 13, 3*f + 4*p = o. Let y(x) = -2*x**2 + 2*x - f + 2*x - 6*x - x**3. What is y(-3)?
13
Suppose -2*k + h = -4, 6 = -5*h - 4. Let f be (-2)/(-2) - (-23 - -5). Let m(p) = -5*p**3 + f*p**2 - 19*p**2 - 1. What is m(k)?
-6
Let o(y) = y**2 - 3*y - 2. Let i(s) = -s**3 + 6*s**2 - s - 16. Suppose 2*k - 23 = -13. Let d be i(k). Determine o(d).
2
Let n(x) = 5*x**2 - 7. Let o(b) = 11*b**2 - 15. Let z(m) = -13*n(m) + 6*o(m). Let s be 16/(-4)*(2 + -1). Give z(s).
17
Let u(d) = -7*d**3 + d**2. Let y be (7 - (10 + -4 + -3))/2. Suppose t + 10 = -3*j, -y*j - 5 = t + 2. Determine u(t).
8
Let h(g) = -12*g**3 - g**2 + 1. Suppose 3*k - 273 + 276 = 0. Determine h(k).
12
Let f(h) = 3*h - 9. Let c(o) = 1. Let v(s) = -8*s**2 - s + 4. Let x(a) = -a**2 - 6*a - 1. Let n be x(-6). Let p(b) = n*v(b) + 3*c(b). Let i be p(-1). Give f(i).
9
Suppose 47 = -4*r + 15. Let d(o) be the third derivative of -o**4/24 + 6*o**2. Determine d(r).
8
Let m(t) be the second derivative of t**3/6 - t**2 - 48*t + 1. Give m(2).
0
Suppose 0 = -3*g - 4*p + 2 + 4, 2*p - 8 = -4*g. Suppose -g*i - 10 = -0*i. Let q(u) = 1 - 3*u - 8*u**3 - 3 - 4*u**2 + 9*u**3 + 9*u**2. Determine q(i).
13
Let i be 1554/7 - (-2 + 2 + 0). Let d(o) = -8*o**3 - 2*o. Let q be d(-3). Let w(r) = q + r - i. Determine w(-6).
-6
Suppose -2*a + 9*w + 9 = 14*w, -5*w = -2*a - 21. Let z(q) = -2*q**2 - 2*q + 2. Give z(a).
-10
Let o(a) be the third derivative of a**4/6 - 5*a**3/2 - 76*a**2. What is o(5)?
5
Let b(f) be the third derivative of -f**6/360 + f**5/120 + f**4/12 + 3*f**3 + 33*f**2. Let g(l) be the second derivative of b(l). Determine g(3).
-5
Suppose 19*b + 3*q - 12 = 16*b, -2*b + 11 = 3*q. Let u(a) = 12*a + 2. What is u(b)?
14
Suppose -25 = -t - 4*t. Let a(z) be the second derivative of -21*z - 1/12*z**4 + 0 + z**3 + z**2. Give a(t).
7
Let i = 29 + -24. Suppose 56 = 4*g + 4*p, 0*p = i*g + 3*p - 66. Let f(s) = -g*s + 3*s**2 - 8*s + 21*s - 7*s**2 + 1. Give f(-1).
-4
Let z(t) = -31*t**3 - 13*t**2 + 20*t - 1. Let w(u) = 11*u**3 + 5*u**2 - 7*u. Let b(c) = 17*w(c) + 6*z(c). What is b(-7)?
-13
Let m = 15 - 10. Let q(j) = 500 - 61*j + 62*j - 496. What is q(m)?
9
Let l(u) = u**3 - 14*u**2 + 11*u + 17. Let t be (-36 - 3)*(-5)/15. Give l(t).
-9
Let b(g) be the third derivative of g**7/840 + g**6/72 + g**5/120 - g**4/24 - 23*g**3/6 + 2*g**2. Let d(k) be the first derivative of b(k). Determine d(-4).
11
Let y(b) = 3*b. Let z = -8 + 11. Suppose -2*l - 25 = 5*t, z*l - 10 = 6*l + 2*t. Suppose l = 2*p + 6, 2*p + 11 = 7*x - 2*x. Give y(x).
3
Let h(r) = -3*r - 2. Let z(y) = -y. Let c(m) = -h(m) + 4*z(m). Let x = 11 + -6. Suppose -b - 3*u = -7, 2*b + x*u = b + 9. Calculate c(b).
-2
Let w be ((-84)/7)/(-6) + -2. Let z(a) = a - 21. Determine z(w).
-21
Let r(s) be the second derivative of -13*s**5/20 + s**3/3 + s**2/2 + 2*s. Suppose 3*h + 36 = -4*y + h, 3*y - h + 22 = 0. Let f = y - -7. Determine r(f).
12
Let p(v) = -41 + 23 + 18 - v**2. Give p(-2).
-4
Let x(w) = w**3 - 4*w**2 - 15*w + 20. Let l be x(6). Let m(a) = -4 + 12 - 1 + a**3 - 9*a**l. Calculate m(9).
7
Suppose -13*f + 50 = 154. Let u(s) = -s + 5. Determine u(f).
13
Let i(t) = 11*t**3 - 17*t**2 - 6*t + 14. Let c(p) be the first derivative of p**4 - 2*p**3 - p**2 + 5*p - 5. Let l(q) = 8*c(q) - 3*i(q). Give l(2).
6
Let u(m) = 5*m + 64. Let q(k) = -2*k - 13 - 2*k + 2*k + k. Let y(f) = -11*q(f) - 2*u(f). Let r = -42 + 42. Give y(r).
15
Suppose -3*i + 223 = -83. Let m(d) = 0*d - 3*d + i - 104. What is m(-5)?
13
Suppose -35*u + 4 = -4*c - 32*u, -2*c - 12 = -4*u. Let p(x) = -3*x**3 + 2*x**2 - x - 2. What is p(c)?
-20
Let t be (2/(-4))/(7/(-252)). Let u(l) = 4*l**2 - 4*l + 5*l - 20 + l**3 + t. Calculate u(-4).
-6
Let r(q) = -q**3 + 4*q**2 + 2*q + 3. Let y(z) = -7*z + 4. Let c be y(0). Calculate r(c).
11
Let r(t) = 3*t + 1. Let x = -19 + 17. Calculate r(x).
-5
Let x(i) be the second derivative of -i**5/10 - i**3/3 + 25*i. Determine x(-2).
20
Let h(y) = -y**3 - 5*y**2 - 5*y - 4. Let j be h(-4). Let x(b) = 39 + 3*b**2 - 74 + 33 - 2*b**2. Determine x(j).
-2
Let j(n) = -2*n - 10. Let l(s) = -s**3 + 5*s**2 + 17*s - 68. Let q be l(6). Give j(q).
-6
Let c be 6*1 + (-3 - -7). Let b be (-46)/115 + (-6)/c. Let i(d) = 6*d**2 + 2*d + 1. Calculate i(b).
5
Let q(r) = -r**3 - 9*r**2 - 8*r. Suppose 2*j - 4*k + 40 = 0, -k - 39 = 4*j + 59. Let u = j + 16. Determine q(u).
0
Let j(i) = -3*i**3 - i**2 - i - 1. Let d(v) = 3*v**3 + 2*v**2 + 4*v + 3. Let o(w) = -d(w) - 2*j(w). Give o(-1).
-2
Let h = -61 + 56. Let j(p) = 7*p**3 - 8*p**2 + 4*p + 4. Let u(q) = 6*q**3 - 7*q**2 + 3*q + 4. Let v(l) = h*j(l) + 6*u(l). What is v(3)?
7
Let i(s) = s**2 + 4*s. Let b be (-2)/(-7) + 308/(-49). Let k(v) = -2*v - 8. Let x be k(b). Suppose -2*d - 7 = -2*n + 3, 3*n - 18 = x*d. Give i(d).
-3
Let z(k) = -k**2 - 4*k - 1. Let r(b) = -4*b + 0 + 2*b - 1 + 0. Let c be r(2). Determine z(c).
-6
Suppose 0*w = 5*w + 4*q - 46, -2*q = -8. Let s(